{"id":2,"date":"2024-01-19T15:26:39","date_gmt":"2024-01-19T14:26:39","guid":{"rendered":"http:\/\/www.monstyleperso.be\/?page_id=2"},"modified":"2024-02-07T15:20:18","modified_gmt":"2024-02-07T14:20:18","slug":"page-d-exemple","status":"publish","type":"page","link":"https:\/\/www.monstyleperso.be\/index.php\/page-d-exemple\/","title":{"rendered":"Mon Style Perso"},"content":{"rendered":"\n<h2 class=\"wp-block-heading\">Bien plus qu&#8217;un v\u00eatement !  <\/h2>\n\n\n\n<p>Bien dans ton corps, bien dans ton esprit, bien dans ta peau&#8230; voil\u00e0 la philosophie que l&#8217;on veut mettre en avant en cr\u00e9ant des v\u00eatements de sport ou de streetwear uniques que vous pouvez personnaliser ! <\/p>\n\n\n\n<p>Notre but est que vous vous sentiez unique, car vous l&#8217;\u00eates  !  Alors osez nos designs et personnalisez les avec votre touche  ! <\/p>\n\n\n\n<p>Quoi que vous fassiez, ou que vous soyez&#8230; bougez, vivez et soyez heureux  ! <\/p>\n\n\n\n<p>Montrez le ! Portez Mon Style Perso<\/p>\n\n\n\n<p><\/p>\n\n\n\n<p><\/p>\n\n\n\n<h2 class=\"wp-block-heading\">Des v\u00eatements de qualit\u00e9<\/h2>\n\n\n\n<p>Nous s\u00e9lectionnons nos v\u00eatements sp\u00e9cifiquement pour vous en pensant \u00e0 leur utilisation et \u00e0 la votre. Nos v\u00eatements sont test\u00e9s et surtout port\u00e9s par nous-m\u00eame car nous sommes fier de ce que nous proposons. <\/p>\n\n\n\n<p>Nous imprimons avec des mati\u00e8res de qualit\u00e9 pour une impression qui dure dans le temps ! <\/p>\n\n\n\n<p><\/p>\n\n\n\n<h2 class=\"wp-block-heading\">Des v\u00eatements d\u00e9sign\u00e9s et imprim\u00e9s en Belgique<\/h2>\n\n\n\n<p>Nous cr\u00e9ons et nous imprimons nos dessins en Belgique, parce que porter du local c&#8217;est plus chic  ! <\/p>\n","protected":false},"excerpt":{"rendered":"<p>Bien plus qu&#8217;un v\u00eatement ! Bien dans ton corps, bien dans ton esprit, bien dans ta peau&#8230; voil\u00e0 la philosophie que l&#8217;on veut mettre en avant en cr\u00e9ant des v\u00eatements de sport ou de streetwear uniques que vous pouvez personnaliser ! Notre but est que vous vous sentiez unique, car vous l&#8217;\u00eates ! Alors osez<\/p>\n<div class=\"more-link\">\n             <a href=\"https:\/\/www.monstyleperso.be\/index.php\/page-d-exemple\/\" class=\"link-btn\"><span>Continue Reading <\/span><i class=\"icofont-thin-double-right\"><\/i><\/a>\n        <\/div>\n","protected":false},"author":1,"featured_media":0,"parent":0,"menu_order":0,"comment_status":"closed","ping_status":"open","template":"","meta":{"footnotes":""},"class_list":["post-2","page","type-page","status-publish","hentry"],"yoast_head":"<!-- This site is optimized with the Yoast SEO plugin v21.9 - https:\/\/yoast.com\/wordpress\/plugins\/seo\/ -->\n<title>Mon Style Perso - Mon Style Perso<\/title>\n<meta name=\"robots\" content=\"index, follow, max-snippet:-1, max-image-preview:large, max-video-preview:-1\" \/>\n<link rel=\"canonical\" href=\"https:\/\/www.monstyleperso.be\/index.php\/page-d-exemple\/\" \/>\n<meta property=\"og:locale\" content=\"fr_FR\" \/>\n<meta property=\"og:type\" content=\"article\" \/>\n<meta property=\"og:title\" content=\"Mon Style Perso - Mon Style Perso\" \/>\n<meta property=\"og:description\" content=\"Bien plus qu&#8217;un v\u00eatement ! Bien dans ton corps, bien dans ton esprit, bien dans ta peau&#8230; voil\u00e0 la philosophie que l&#8217;on veut mettre en avant en cr\u00e9ant des v\u00eatements de sport ou de streetwear uniques que vous pouvez personnaliser ! Notre but est que vous vous sentiez unique, car vous l&#8217;\u00eates ! Alors osez        Continue Reading\" \/>\n<meta property=\"og:url\" content=\"https:\/\/www.monstyleperso.be\/index.php\/page-d-exemple\/\" \/>\n<meta property=\"og:site_name\" content=\"Mon Style Perso\" \/>\n<meta property=\"article:modified_time\" content=\"2024-02-07T14:20:18+00:00\" \/>\n<meta name=\"twitter:card\" content=\"summary_large_image\" \/>\n<meta name=\"twitter:label1\" content=\"Dur\u00e9e de lecture estim\u00e9e\" \/>\n\t<meta name=\"twitter:data1\" content=\"1 minute\" \/>\n<script type=\"application\/ld+json\" class=\"yoast-schema-graph\">{\"@context\":\"https:\/\/schema.org\",\"@graph\":[{\"@type\":\"WebPage\",\"@id\":\"https:\/\/www.monstyleperso.be\/index.php\/page-d-exemple\/\",\"url\":\"https:\/\/www.monstyleperso.be\/index.php\/page-d-exemple\/\",\"name\":\"Mon Style Perso - Mon Style Perso\",\"isPartOf\":{\"@id\":\"https:\/\/www.monstyleperso.be\/#website\"},\"datePublished\":\"2024-01-19T14:26:39+00:00\",\"dateModified\":\"2024-02-07T14:20:18+00:00\",\"breadcrumb\":{\"@id\":\"https:\/\/www.monstyleperso.be\/index.php\/page-d-exemple\/#breadcrumb\"},\"inLanguage\":\"fr-FR\",\"potentialAction\":[{\"@type\":\"ReadAction\",\"target\":[\"https:\/\/www.monstyleperso.be\/index.php\/page-d-exemple\/\"]}]},{\"@type\":\"BreadcrumbList\",\"@id\":\"https:\/\/www.monstyleperso.be\/index.php\/page-d-exemple\/#breadcrumb\",\"itemListElement\":[{\"@type\":\"ListItem\",\"position\":1,\"name\":\"Accueil\",\"item\":\"https:\/\/www.monstyleperso.be\/\"},{\"@type\":\"ListItem\",\"position\":2,\"name\":\"Mon Style Perso\"}]},{\"@type\":\"WebSite\",\"@id\":\"https:\/\/www.monstyleperso.be\/#website\",\"url\":\"https:\/\/www.monstyleperso.be\/\",\"name\":\"Mon Style Perso\",\"description\":\"Your Life Your Style\",\"publisher\":{\"@id\":\"https:\/\/www.monstyleperso.be\/#organization\"},\"potentialAction\":[{\"@type\":\"SearchAction\",\"target\":{\"@type\":\"EntryPoint\",\"urlTemplate\":\"https:\/\/www.monstyleperso.be\/?s={search_term_string}\"},\"query-input\":\"required name=search_term_string\"}],\"inLanguage\":\"fr-FR\"},{\"@type\":\"Organization\",\"@id\":\"https:\/\/www.monstyleperso.be\/#organization\",\"name\":\"Mon Style Perso\",\"url\":\"https:\/\/www.monstyleperso.be\/\",\"logo\":{\"@type\":\"ImageObject\",\"inLanguage\":\"fr-FR\",\"@id\":\"https:\/\/www.monstyleperso.be\/#\/schema\/logo\/image\/\",\"url\":\"https:\/\/www.monstyleperso.be\/wp-content\/uploads\/2024\/01\/cropped-logo-monstyle-perso.png\",\"contentUrl\":\"https:\/\/www.monstyleperso.be\/wp-content\/uploads\/2024\/01\/cropped-logo-monstyle-perso.png\",\"width\":804,\"height\":421,\"caption\":\"Mon Style Perso\"},\"image\":{\"@id\":\"https:\/\/www.monstyleperso.be\/#\/schema\/logo\/image\/\"}}]}<\/script>\n<!-- \/ Yoast SEO plugin. -->","yoast_head_json":{"title":"Mon Style Perso - Mon Style Perso","robots":{"index":"index","follow":"follow","max-snippet":"max-snippet:-1","max-image-preview":"max-image-preview:large","max-video-preview":"max-video-preview:-1"},"canonical":"https:\/\/www.monstyleperso.be\/index.php\/page-d-exemple\/","og_locale":"fr_FR","og_type":"article","og_title":"Mon Style Perso - Mon Style Perso","og_description":"Bien plus qu&#8217;un v\u00eatement ! Bien dans ton corps, bien dans ton esprit, bien dans ta peau&#8230; voil\u00e0 la philosophie que l&#8217;on veut mettre en avant en cr\u00e9ant des v\u00eatements de sport ou de streetwear uniques que vous pouvez personnaliser ! Notre but est que vous vous sentiez unique, car vous l&#8217;\u00eates ! Alors osez        Continue Reading","og_url":"https:\/\/www.monstyleperso.be\/index.php\/page-d-exemple\/","og_site_name":"Mon Style Perso","article_modified_time":"2024-02-07T14:20:18+00:00","twitter_card":"summary_large_image","twitter_misc":{"Dur\u00e9e de lecture estim\u00e9e":"1 minute"},"schema":{"@context":"https:\/\/schema.org","@graph":[{"@type":"WebPage","@id":"https:\/\/www.monstyleperso.be\/index.php\/page-d-exemple\/","url":"https:\/\/www.monstyleperso.be\/index.php\/page-d-exemple\/","name":"Mon Style Perso - Mon Style Perso","isPartOf":{"@id":"https:\/\/www.monstyleperso.be\/#website"},"datePublished":"2024-01-19T14:26:39+00:00","dateModified":"2024-02-07T14:20:18+00:00","breadcrumb":{"@id":"https:\/\/www.monstyleperso.be\/index.php\/page-d-exemple\/#breadcrumb"},"inLanguage":"fr-FR","potentialAction":[{"@type":"ReadAction","target":["https:\/\/www.monstyleperso.be\/index.php\/page-d-exemple\/"]}]},{"@type":"BreadcrumbList","@id":"https:\/\/www.monstyleperso.be\/index.php\/page-d-exemple\/#breadcrumb","itemListElement":[{"@type":"ListItem","position":1,"name":"Accueil","item":"https:\/\/www.monstyleperso.be\/"},{"@type":"ListItem","position":2,"name":"Mon Style Perso"}]},{"@type":"WebSite","@id":"https:\/\/www.monstyleperso.be\/#website","url":"https:\/\/www.monstyleperso.be\/","name":"Mon Style Perso","description":"Your Life Your Style","publisher":{"@id":"https:\/\/www.monstyleperso.be\/#organization"},"potentialAction":[{"@type":"SearchAction","target":{"@type":"EntryPoint","urlTemplate":"https:\/\/www.monstyleperso.be\/?s={search_term_string}"},"query-input":"required name=search_term_string"}],"inLanguage":"fr-FR"},{"@type":"Organization","@id":"https:\/\/www.monstyleperso.be\/#organization","name":"Mon Style Perso","url":"https:\/\/www.monstyleperso.be\/","logo":{"@type":"ImageObject","inLanguage":"fr-FR","@id":"https:\/\/www.monstyleperso.be\/#\/schema\/logo\/image\/","url":"https:\/\/www.monstyleperso.be\/wp-content\/uploads\/2024\/01\/cropped-logo-monstyle-perso.png","contentUrl":"https:\/\/www.monstyleperso.be\/wp-content\/uploads\/2024\/01\/cropped-logo-monstyle-perso.png","width":804,"height":421,"caption":"Mon Style Perso"},"image":{"@id":"https:\/\/www.monstyleperso.be\/#\/schema\/logo\/image\/"}}]}},"jetpack_sharing_enabled":true,"_links":{"self":[{"href":"https:\/\/www.monstyleperso.be\/index.php\/wp-json\/wp\/v2\/pages\/2","targetHints":{"allow":["GET"]}}],"collection":[{"href":"https:\/\/www.monstyleperso.be\/index.php\/wp-json\/wp\/v2\/pages"}],"about":[{"href":"https:\/\/www.monstyleperso.be\/index.php\/wp-json\/wp\/v2\/types\/page"}],"author":[{"embeddable":true,"href":"https:\/\/www.monstyleperso.be\/index.php\/wp-json\/wp\/v2\/users\/1"}],"replies":[{"embeddable":true,"href":"https:\/\/www.monstyleperso.be\/index.php\/wp-json\/wp\/v2\/comments?post=2"}],"version-history":[{"count":5,"href":"https:\/\/www.monstyleperso.be\/index.php\/wp-json\/wp\/v2\/pages\/2\/revisions"}],"predecessor-version":[{"id":320,"href":"https:\/\/www.monstyleperso.be\/index.php\/wp-json\/wp\/v2\/pages\/2\/revisions\/320"}],"wp:attachment":[{"href":"https:\/\/www.monstyleperso.be\/index.php\/wp-json\/wp\/v2\/media?parent=2"}],"curies":[{"name":"wp","href":"https:\/\/api.w.org\/{rel}","templated":true}]}}